2 + 4*p - 20. What is the remainder when h(4) is divided by 64?
60
Suppose -2*c + c + 3*j = 71, 0 = c + j + 51. Let n = -11 - c. Suppose -2*u = -32 - 0. What is the remainder when n is divided by u?
13
Let d(u) = -2*u**3 - 8*u**2 + 4*u + 4. Let y be d(-6). Let t = -117 + y. What is the remainder when t is divided by -1*4*3/(-4)?
1
Suppose 0*z - 296 = -5*j + z, -z = -3*j + 178. What is the remainder when 102 is divided by j?
43
Let t = 13 + -9. Suppose -13 = -k - t. What is the remainder when (208/12)/(2/3) is divided by k?
8
Calculate the remainder when 198 is divided by 9/21 + 3627/63 - 1.
27
Let r be (-6 + 124)/((-2)/6). Let g(f) = f**3 - 10*f**2 - 4*f - 2. Calculate the remainder when g(11) is divided by (-2)/3 - r/18.
18
Suppose -2*s + 0 = 12. Suppose -5*x + 602 = 2*x. Calculate the remainder when x is divided by s/18 - 134/(-6).
20
Suppose 0 = 5*q - b - 7808, 4*q + 3114 = 6*q - 5*b. What is the remainder when q is divided by 29?
25
Let a(g) = -g**3 - 10*g**2 + 11*g + 5. Let q be a(-11). Suppose 0*f - q*f = 2*v - 223, f + 115 = v. Calculate the remainder when v is divided by 29.
27
Let p be 62/(-155) + (-22)/10*-2. Let d(o) = o**2 - 7*o + 27. What is the remainder when 29 is divided by d(p)?
14
Suppose -5*m + 10 = -30. Let c = 16 + -14. Suppose -2*z + c*v + 21 = -11, 2*z - 44 = 5*v. What is the remainder when z is divided by m?
4
Suppose -2*z = -3*c + 4*c - 18, 3*c - 56 = -5*z. Let y(i) = i**2 + 38*i + 166. Let s be y(-33). Let m = c + s. Calculate the remainder when m is divided by 13.
10
Let j = 1824 + -1733. Let l(o) = o**2 + 2*o - 4. Calculate the remainder when j is divided by l(-7).
29
Suppose -14 = -4*h + y - 0*y, 4*h + 5*y - 26 = 0. Let f = -31 + 34. What is the remainder when h is divided by f?
1
Suppose v = 3*i - 8, -30 = -4*i - v - 10. What is the remainder when i - (72*-1 + 3) is divided by 15?
13
Suppose -5*r + 3*m = -32, 0*r + m = 4*r - 20. Let u(q) = -q**2 - 14*q - 7. What is the remainder when u(-6) is divided by r?
1
Let j = 13 + -1. Let l be 21 + (-9)/3 - -1. Let o = 4 + l. What is the remainder when o is divided by j?
11
Suppose 8 = -4*c + 24, -3*c + 90 = 2*k. Suppose 0*z - k = -z. Calculate the remainder when 75 is divided by z.
36
Calculate the remainder when 55 is divided by 95/(-25)*10/(-2).
17
Let a(b) = 31*b**2 - 6*b - 13. What is the remainder when a(-4) is divided by 73?
69
Suppose 4*i = 3*o - 7, -o - 5*i + 5 = 28. Let t = 67 - 67. What is the remainder when 22 is divided by o*(t + 8/(-3))?
6
Let v = 54 - 36. Let p = 60 + -40. Let j = p - -33. Calculate the remainder when j is divided by v.
17
Let r(f) = 2*f**3 - 2*f**2 + f - 2. Let a be r(3). Let j = -838 - -850. What is the remainder when 0 + a - 2/1 is divided by j?
11
Suppose -16*b - b = -1292. Calculate the remainder when b is divided by 23.
7
Let h(q) = -15*q - 84. Calculate the remainder when 213 is divided by h(-6).
3
Let o be (-36)/5*20/(-8). Let g = -6 + o. What is the remainder when (0 - -33) + -1 - -1 is divided by g?
9
Suppose -40 = -2*a - 0*t - 2*t, 0 = 5*t + 10. Suppose 4*m - 41 - 175 = 0. What is the remainder when m is divided by (a - -11) + (-1 - 4)?
26
Let q = 60 + -52. Suppose -40 = -88*m + 86*m. Calculate the remainder when m is divided by q.
4
Suppose -5*f + f + 338 = 2*q, 5*q = 3*f - 221. What is the remainder when f is divided by 12?
10
Let m(c) = -c**2 + 20*c - 6. Let l(a) = -15*a - 79. Let p be l(-6). Calculate the remainder when m(p) is divided by 25.
18
Let s be (-1)/(2/(12/3)). Let y = 12 + s. What is the remainder when y is divided by 4?
2
Let a(t) = 21*t**2 + t + 1. Suppose -3 = -2*i + o + 4*o, 0 = 3*i + 3*o - 15. What is the remainder when a(-1) is divided by 2 + 3 - i/(-4)?
3
Let a = 129 - 82. Suppose 2*p = -6, -a = -4*i + 3*p + 34. Calculate the remainder when i is divided by 5.
3
Suppose 4*y - 6*o - 160 = -9*o, o = -5*y + 200. Let n = y + -10. Let x = -29 + 40. Calculate the remainder when n is divided by x.
8
Suppose -98 = -2*n - t, -344 = -5*n - 3*t - 101. Let w(c) = c**3 + 2*c**2 - c + 13. What is the remainder when n is divided by w(0)?
12
Let z(c) = -c**2 - 7*c + 3. Let k(d) = d**3 + 3*d**2 - 4*d + 3. Calculate the remainder when k(-3) is divided by z(-7).
0
Let k = 29 + -22. Suppose -2*y = 2*y - 116. Let z = -5 + y. What is the remainder when z is divided by k?
3
Suppose -b + 6 = -2. Suppose 2*g - 4 = 0, -3*g = -z - b*g + 25. Calculate the remainder when 102 is divided by z.
12
Let l be -4*3/6*-2. Suppose l*o - 8 - 4 = 0. Let g = 26 + o. Calculate the remainder when g is divided by 10.
9
Suppose 4*r - 4*q + 8 = 0, 7*q = 2*r + 3*q - 2. Calculate the remainder when 935/10 + r - (-2)/4 is divided by 23.
20
Suppose 4*s - 114 = -10. Let j = 104 + -37. Let c = j + -16. Calculate the remainder when c is divided by s.
25
Let i = -14717 - -14744. Calculate the remainder when ((-102)/2)/((-1)/1) is divided by i.
24
Let v = -2360 - -2616. Calculate the remainder when v is divided by 138.
118
Let l(m) = -m + 33. Let j be l(27). Suppose j*r - 8*r = -38. Calculate the remainder when 67 is divided by r.
10
Suppose -22 = -5*f - 6*f. Suppose -f*c = 20 - 42. What is the remainder when 19 is divided by c?
8
Suppose 4*b = -0*i - 4*i + 8, -i + 8 = -b. Suppose -36 = -2*f - 2*f. Calculate the remainder when f is divided by i.
4
Suppose 3*s - 129 = -3*x, 6*x = 2*x - 2*s + 172. Suppose 4*p + 12 = z, 5*p + x - 6 = 4*z. Calculate the remainder when 35 is divided by z.
3
Let l be -69 - -1*(3 - 2). Let q = -52 - l. Suppose -d + 18 + 27 = 0. Calculate the remainder when d is divided by q.
13
Let p be 16 - -3 - (3 - -1). Let i = p - 4. Calculate the remainder when 21 is divided by i.
10
Let v(b) = -18*b. Let o be v(-2). Suppose 28 + o = y. What is the remainder when y is divided by (-1190)/(-55) - 24/(-66)?
20
Let s be 10/6*9/3. Suppose 2*w + j - 24 = 0, 16 - 76 = -4*w - s*j. Suppose 2*x - 14 + 6 = 0, -5*q - 2*x = -98. Calculate the remainder when q is divided by w.
8
Let y(j) = -6*j - 71. Calculate the remainder when 75 is divided by y(-19).
32
Let y(f) = -2*f - 14. Calculate the remainder when 213 is divided by y(-13).
9
Let p = 347 + -267. What is the remainder when 559 is divided by p?
79
Suppose -4*w + 14 + 6 = 0, -3*t = -w - 565. Calculate the remainder when t is divided by 6.
4
Suppose -2519 = -81*w - 413. What is the remainder when 388 is divided by w?
24
What is the remainder when 303 is divided by 4/9 + 4312/99?
39
Calculate the remainder when (-1822)/(-18) + 18/(-81) is divided by 13.
10
Let b(a) = -a**2 + 3*a + 2. Let j be b(2). Suppose -t + 3*i = 5*i - j, -10 = -t - 4*i. What is the remainder when 12 is divided by (28/(-8))/(t/4)?
5
Let y(p) = 7*p - 8. What is the remainder when 435 is divided by y(14)?
75
Let g(p) = 2*p**3 + 3*p - 5*p**2 - 2 - 2*p**2 + 5*p**2. Suppose -13*q = -15*q + 42. What is the remainder when q is divided by g(2)?
9
Let l(s) = -s**2 + 66*s - 317. Let j be (-96)/(-15) + 4/(-10). Let g(t) = t**2 - 2*t - 1. Calculate the remainder when l(60) is divided by g(j).
20
Let i = -81 - -104. What is the remainder when 137 is divided by i?
22
Suppose -18*x + 355 = -473. What is the remainder when x is divided by 6?
4
Suppose -2*u + 0*u = -36. What is the remainder when u is divided by 4/(-3)*((-105)/10 - -3)?
8
Let p(k) = -k**2 - 5*k + 8. Let s be p(-6). Suppose -s*u - 16 = -3*u. Calculate the remainder when 76 is divided by (-78)/4*u/(-12).
24
Suppose -24 = -k - 5*g, -41*k + 39*k + 5*g + 48 = 0. What is the remainder when 147 is divided by k?
3
Let k(y) = -2*y**2 + 11*y - 3. Let z be k(3). Let b(g) = g**2 - 6*g - 24. Calculate the remainder when b(z) is divided by 17.
14
Suppose 69 = 7*v - 1. What is the remainder when 10 is divided by v?
0
Let h(q) = 69*q**2 + 2*q + 1. Let p(n) = 2*n**2 - 21*n + 3. What is the remainder when h(-1) is divided by p(11)?
12
Let u = -51 + 73. Let m = u + 14. Calculate the remainder when 106 is divided by m.
34
Suppose -x + 120 = 4*s, -4*x + 76 = 3*s - 14. What is the remainder when 55 is divided by s?
25
Suppose -191 = -4*g + 109. Let d = g - 1. What is the remainder when d is divided by (-1)/(-1)*13 + 2?
14
Suppose -2*x = 3*x. Suppose -7*t + 4*t - 4*a - 376 = x, 0 = -2*t - 2*a - 250. Let j = 249 + t. Calculate the remainder when j is divided by 32.
29
Let s = -535 + 562. Let r = 6 - 7. Calcul